actor of 11622?
False
Is 434586 a multiple of 33?
False
Does 100 divide 102639?
False
Is 3625260 a multiple of 230?
True
Is 38 a factor of 81463?
False
Is 948138 a multiple of 38?
True
Is 2 a factor of 360676?
True
Is 134212 a multiple of 13?
True
Is 2 a factor of 256923?
False
Is 46 a factor of 225124?
True
Is 857 a factor of 2127931?
True
Is 591903 a multiple of 162?
False
Does 13 divide 14727011?
True
Does 179 divide 5626475?
False
Is 4648842 a multiple of 11?
True
Does 7 divide 241310?
False
Does 35 divide 817845?
True
Does 2 divide 510?
True
Is 214 a factor of 313296?
True
Is 10577828 a multiple of 1794?
False
Does 979 divide 3578306?
False
Is 15 a factor of 144810?
True
Does 54 divide 653389?
False
Is 403 a factor of 312635?
False
Is 3143208 a multiple of 244?
True
Is 5052891 a multiple of 153?
False
Is 13650 a multiple of 15?
True
Is 3 a factor of 8338018?
False
Is 10 a factor of 225390?
True
Is 175 a factor of 109375?
True
Is 76 a factor of 5700?
True
Does 108 divide 1082268?
True
Does 9 divide 106128?
True
Is 505375 a multiple of 65?
True
Is 548 a factor of 32156?
False
Is 471 a factor of 871335?
False
Does 6 divide 174420?
True
Does 25 divide 78050?
True
Is 5108378 a multiple of 202?
True
Is 4556712 a multiple of 24?
True
Does 14 divide 27524?
True
Is 100 a factor of 384000?
True
Does 26 divide 1864226?
True
Is 1890813 a multiple of 33?
False
Is 155370 a multiple of 235?
False
Is 434546 a multiple of 14?
True
Is 7850810 a multiple of 1490?
True
Does 331 divide 22847606?
True
Is 958044 a multiple of 87?
True
Is 10 a factor of 394310?
True
Is 105 a factor of 584220?
True
Is 99 a factor of 1101467?
False
Does 7 divide 29183?
True
Is 515666 a multiple of 89?
True
Is 663884 a multiple of 13?
True
Is 5360496 a multiple of 1152?
False
Is 13 a factor of 302029?
True
Is 144 a factor of 552363?
False
Is 10 a factor of 5203?
False
Is 118692 a multiple of 378?
True
Does 62 divide 43827?
False
Does 4 divide 2960?
True
Does 135 divide 298263?
False
Does 196 divide 60956?
True
Is 5 a factor of 3222700?
True
Is 114 a factor of 79560?
False
Is 682 a factor of 24815252?
True
Is 1498682 a multiple of 38?
True
Is 407 a factor of 358289?
False
Does 18 divide 68238?
True
Does 12 divide 11045?
False
Does 568 divide 1829649?
False
Does 4 divide 332410?
False
Is 16446964 a multiple of 463?
False
Is 176900 a multiple of 5?
True
Does 128 divide 3365504?
True
Is 78540 a multiple of 231?
True
Is 6885787 a multiple of 67?
False
Is 11955 a multiple of 4?
False
Is 97360 a multiple of 20?
True
Does 15 divide 3589769?
False
Is 3111511 a multiple of 5?
False
Is 376506 a multiple of 130?
False
Is 59 a factor of 2072768?
False
Does 141 divide 1179522?
False
Is 4952390 a multiple of 134?
False
Is 58 a factor of 29812?
True
Is 2542275 a multiple of 12?
False
Is 180380 a multiple of 29?
True
Is 110 a factor of 894524?
False
Is 123 a factor of 39350?
False
Is 155 a factor of 712845?
True
Does 215 divide 116617?
False
Is 686 a factor of 2248708?
True
Is 169942 a multiple of 87?
False
Does 97 divide 4139378?
True
Is 161 a factor of 8968666?
True
Does 85 divide 3688925?
False
Is 1489164 a multiple of 51?
False
Is 1328016 a multiple of 48?
True
Is 428 a factor of 460709?
False
Is 429 a factor of 755040?
True
Is 144592 a multiple of 8?
True
Is 477272 a multiple of 8?
True
Is 98429 a multiple of 10?
False
Does 107 divide 685484?
False
Is 181673 a multiple of 115?
False
Is 550350 a multiple of 225?
True
Is 20 a factor of 153540?
True
Does 9 divide 231939?
True
Is 351326 a multiple of 276?
False
Is 3 a factor of 20991?
True
Is 672872 a multiple of 349?
True
Is 14 a factor of 679070?
True
Does 4 divide 230516?
True
Is 33 a factor of 11086680?
True
Is 86 a factor of 128914?
True
Is 138394 a multiple of 445?
False
Is 1403590 a multiple of 194?
True
Is 640378 a multiple of 112?
False
Does 14 divide 332612?
True
Is 12 a factor of 3459664?
False
Is 3518512 a multiple of 7?
False
Is 426468 a multiple of 2?
True
Is 32 a factor of 2070304?
True
Is 79 a factor of 1534625?
False
Does 18 divide 6895028?
False
Does 7 divide 17781?
False
Is 130668 a multiple of 12?
True
Is 204922 a multiple of 12?
False
Is 163 a factor of 321110?
True
Does 13 divide 24167?
True
Is 296 a factor of 359213?
False
Does 18 divide 1081379?
False
Is 221832 a multiple of 316?
True
Does 17 divide 1783037?
False
Is 53174 a multiple of 22?
True
Does 9 divide 28596?
False
Is 73482 a multiple of 97?
False
Is 64 a factor of 270208?
True
Is 403 a factor of 316760?
False
Is 5673535 a multiple of 12?
False
Does 796 divide 4485646?
False
Is 86 a factor of 6460234?
True
Is 12 a factor of 1770231?
False
Is 13 a factor of 265252?
True
Is 1915420 a multiple of 689?
True
Does 13 divide 179798?
False
Is 329170 a multiple of 29?
False
Does 18 divide 21057684?
False
Is 51 a factor of 732717?
True
Is 113049 a multiple of 53?
True
Is 326060 a multiple of 307?
False
Does 215 divide 78214?
False
Does 426 divide 621960?
True
Is 522 a factor of 9317809?
False
Is 13 a factor of 601315?
True
Is 236 a factor of 86931?
False
Does 129 divide 283523?
False
Is 13 a factor of 5596031?
False
Is 34 a factor of 5544582?
False
Is 68 a factor of 54267?
False
Is 272 a factor of 729421?
False
Is 96645 a multiple of 2?
False
Is 96450 a multiple of 643?
True
Is 2909042 a multiple of 100?
False
Is 503202 a multiple of 655?
False
Is 440944 a multiple of 269?
False
Is 304 a factor of 3370144?
True
Is 8650470 a multiple of 443?
False
Is 80 a factor of 1284078?
False
Is 13 a factor of 1781741?
True
Is 17 a factor of 310241?
False
Is 5270752 a multiple of 16?
True
Does 130 divide 236600?
True
Is 119 a factor of 1578297?
True
Does 151 divide 14178145?
True
Is 963914 a multiple of 92?
False
Is 5 a factor of 225926?
False
Does 1215 divide 14475122?
False
Does 5 divide 4953?
False
Does 50 divide 37646?
False
Is 94 a factor of 9870?
True
Does 262 divide 2206086?
False
Is 933324 a multiple of 42?
True
Does 34 divide 28435?
False
Is 14224571 a multiple of 347?
True
Does 260 divide 192920?
True
Is 43 a factor of 212248?
True
Is 7578303 a multiple of 66?
False
Is 58 a factor of 314499?
False
Is 188532 a multiple of 9?
True
Is 36 a factor of 245971?
False
Is 4065159 a multiple of 128?
False
Is 159 a factor of 260919?
True
Is 22 a factor of 1073688?
True
Is 1798016 a multiple of 139?
False
Is 110 a factor of 500132?
False
Is 6449627 a multiple of 688?
False
Is 218 a factor of 1348112?
True
Does 65 divide 142155?
True
Does 229 divide 70348?
False
Is 8 a factor of 5987?
False
Is 91 a factor of 2761213?
True
Does 11 divide 73348?
True
Does 6 divide 85057?
False
Does 12 divide 6977088?
True
Is 574072 a multiple of 1291?
False
Is 58 a factor of 25288?
True
Does 176 divide 1447568?
False
Does 32 divide 1043392?
True
Does 1106 divide 19288473?
False
Does 276 divide 4826136?
True
Does 18 divide 20714?
False
Is 14 a factor of 5355882?
True
Does 542 divide 282382?
True
Does 6 divide 109876?
False
Is 3 a factor of 332694?
True
Is 9 a factor of 178130?
False
Is 517644 a multiple of 18?
True
Does 29 divide 11261029?
False
Is 43 a factor of 4997675?
True
Is 13807706 a multiple of 31?
False
Does 336 divide 15516662?
False
Does 315 divide 135765?
True
Is 1939237 a multiple of 511?
False
Does 441 divide 924777?
True
Is 105455 a multiple of 161?
True
Does 272 divide 2147257?
False
Does 11 divide 370959?
False
Is 73 a factor of 606484?
True
Is 32352345 a multiple of 135?
True
Is 823 a factor of 2548008?
True
Is 750400 a multiple of 335?
True
Is 48898 a multiple of 2?
True
Is 19 a factor of 3289926?
True
Does 138 divide 728509?
False
Is 26 a factor of 1213862?
True
Does 18 divide 200664?
True
Does 196 divide 382334?
False
Is 44 a factor of 486992?
True
Does 18 divide 7536?
False
Is 11 a factor of 522203?
True
Is 118085 a multiple of 92?
False
Is 1887 a factor of 8000704?
False
Is 578 a factor of 4590795?
False
Is 34 a factor of 126990?
True
Is 1009360 a multiple of 248?
True
Does 391 divide 3291107?
False
Is 214 a factor of 405853?
False
Is 886857 a multiple of 23?
True
Is 654500 a multiple of 35?
True
Is 343173 a multiple of 35?
False
Is 195 a factor of 2539290?
True
Does 22 divide 695971?
False
Is 1134979 a multiple of 36?
False
Is 124 a factor of 73656?
True
Is 112035 a multiple of 14?
Fa